. Let r be j(1). Let m(a) = -4*a + 28. What is the remainder when 27 is divided by m(r)?
3
Let v = 0 - 31. Let h = -18 - v. What is the remainder when (-300)/(-31 + 19)*(3 - 2) is divided by h?
12
Calculate the remainder when 97 is divided by ((-88)/(-12) - -3)*(13 - 7).
35
Let w(b) = -b**2 + b + 41. What is the remainder when 31 is divided by w(5)?
10
Let a = 10 - 7. Suppose -a*g = -5*n + 38 + 7, -5*g - 38 = 4*n. Let p = 2 - g. Calculate the remainder when p is divided by 7.
5
Let x(q) = q**2 + 5*q + 7. Let u = -19 + 15. Calculate the remainder when x(-5) is divided by (10/u - -1)*50/(-15).
2
Let y = 130 - 66. Let u = 35 + -24. What is the remainder when y is divided by u?
9
Let x = -74 - -127. Suppose x = 5*a - 32. Let u = a + -14. What is the remainder when 6 is divided by u?
0
Let c(s) = -s**2 + 2*s - 9. Let g(q) = 2*q**2 - 4*q + 17. Let a(d) = 5*c(d) + 3*g(d). What is the remainder when a(2) is divided by 3?
0
Let l(x) = -51*x - 84. Calculate the remainder when l(-5) is divided by 16.
11
Suppose 0 = 4*c + 11 + 33. Let z be 142/(-14) + c/(-77). Let o(g) = -4*g - 13. What is the remainder when 78 is divided by o(z)?
24
Let h = 42 + -42. Calculate the remainder when 1 + (14 - 3) - (2 - h) is divided by 3.
1
Let f = -72 - -80. Calculate the remainder when 15 is divided by f.
7
What is the remainder when 64 is divided by 2937/178*(-12)/(-11)?
10
Suppose b = -h - 2*h + 58, -220 = -5*b - h. Let v = 37 - 32. Calculate the remainder when b is divided by v.
3
Suppose -8*y - 5*u = -7*y - 107, -3*u = -3*y + 267. What is the remainder when 143 is divided by y?
51
Suppose 29 = -2*u + 77. Let o = u - 0. Calculate the remainder when o is divided by 13.
11
Let s(i) = -11*i. Let o be (2 - 10/3)*-3. Suppose -3*k + 0*k - 2*u + 43 = 0, -5*k + 79 = -o*u. What is the remainder when s(-4) is divided by k?
14
Let x = -169 - -363. Calculate the remainder when x is divided by 52.
38
Let w(l) = -4*l + 4. Let d = 1889 + -1847. Calculate the remainder when d is divided by w(-3).
10
Let d = 202 - 198. Let k be (3/6)/((-2)/(-88)). Suppose -4*t + 3*l - 2*l = -k, t - 13 = 4*l. Calculate the remainder when t is divided by d.
1
Suppose 5*n - 2*w - 42 - 26 = 0, 2*n - 40 = 4*w. Calculate the remainder when 32 is divided by n.
8
Let w(z) = 36*z**2. Calculate the remainder when 212 is divided by w(-1).
32
Let u = 28 + -13. Suppose 8 = -5*z + z. What is the remainder when z*-58*(-2)/(-4) is divided by u?
13
Let i(u) = -u**3 - 4*u**2 - 3*u. Let f = -7 + 4. Let a be i(f). Suppose a = 6*w - w - 140. Calculate the remainder when 110 is divided by w.
26
Suppose -50 + 136 = 2*u. Let y(v) = 7*v**2 + 5*v - 16. What is the remainder when u is divided by y(2)?
21
Let s(o) = o**3 + 23*o**2 + 20*o + 11. Let l be s(-22). Suppose 3*i - 116 = l. Calculate the remainder when i is divided by 15.
12
Let w = 62 - -195. What is the remainder when w is divided by 65?
62
Suppose 0 = -4*m + 9 + 11. Let y(o) = 2*o - 3. Let j be y(m). Suppose j = 2*f + 3*a, -3*f = 4*a - 9 - 1. Calculate the remainder when 7 is divided by f.
1
Suppose 4*p = -f + 4 + 3, f - 3*p = 7. What is the remainder when ((-3)/(-2 + 1) + -1)*(-54)/(-4) is divided by f?
6
Suppose -3*n + 27 = 2*z, -3*z - 36 = 23*n - 27*n. What is the remainder when 61 is divided by n?
7
Suppose 2*f + 663 = 19*f. Suppose u + 2*u = 30. Suppose u*k = 5*k + 100. Calculate the remainder when f is divided by k.
19
Let y(m) = -834*m - 4. Calculate the remainder when y(-1) is divided by 32.
30
Let i(v) = 18*v**2 - 1. Suppose 32*p - 105 = 23. Calculate the remainder when i(-1) is divided by p.
1
Let s = 66 - 59. Suppose -6 = -s*v + 29. What is the remainder when v is divided by (0 + 2)*(-6)/(-4)?
2
Let q = 153 - 118. Calculate the remainder when q is divided by (-29 - 1)*(-8)/20.
11
Let k(w) be the second derivative of -w**4/12 + 4*w**3/3 + 6*w**2 + 3*w. Let l = 8 + 1. What is the remainder when l is divided by k(9)?
0
Suppose 5*z = -2*w + 3*w + 52, 6 = -3*w. Calculate the remainder when (0 + z)*56/10 is divided by 15.
11
Suppose 85 + 555 = 32*i. Suppose -3*c - 3*k + 33 = 0, -k + 7 + 25 = 4*c. What is the remainder when i is divided by c?
6
Suppose 0*p - 897 = -p - n, -2*p + 1796 = 4*n. Suppose 4*u - 11*u = -p. What is the remainder when u is divided by 33?
29
Suppose 2*n - 8 - 113 = s, 2*s = 3*n - 183. Let d = n - 37. What is the remainder when 108 is divided by d?
20
Let q(x) = -247*x - 1899. Suppose 3*o = 32 + 31. Calculate the remainder when q(-8) is divided by o.
14
Suppose 249*l - 112 = 245*l. What is the remainder when 37 is divided by l?
9
Suppose 4*s - 14 = -2*u, 3*s - 5 - 7 = -3*u. Suppose -2*x = -j + 2*j, 3*j = x. Suppose -15 = -s*v - j. Calculate the remainder when 12 is divided by v.
2
Suppose -15*c = -407 - 643. What is the remainder when 271 is divided by c?
61
Let f(u) = 8*u - 130. What is the remainder when 67 is divided by f(18)?
11
Suppose -n = 3*d - 19, -2*n - 10 = -d - d. Suppose 0 = l + 2*a - 20, 0*l + 2*a + 8 = l. Calculate the remainder when 6 + (-2 + l)/3 is divided by d.
4
Let g(j) = j**3 + 15*j**2 + 55*j - 1. Let r(i) = 2*i - 3. Let a be (-6)/(-5)*(-40)/(-6). What is the remainder when r(a) is divided by g(-7)?
1
Let v(q) = q**2 + q. Let a be v(-2). Calculate the remainder when (a - 0 - 6)*-4*3 is divided by 17.
14
Let i(w) = w + 5 + 0 - 1 + 2. What is the remainder when i(5) is divided by 5?
1
Let k = -36 - -41. Let o = 11 - k. Calculate the remainder when o is divided by 4.
2
Suppose 30*z - 31 = -5*d + 27*z, d = -3*z - 1. What is the remainder when 645 is divided by d?
5
Let g = -426 + 412. Suppose -3*w + 1 - 14 = 4*h, 2*h + 3*w + 11 = 0. Let d = h - g. What is the remainder when 36 is divided by d?
10
Let z be (56/42)/(2/3). Let r = -7 + 16. Let i = r - z. What is the remainder when 25 is divided by i?
4
Let w(c) = -7*c - 1. Let p be w(3). Let i be (-2)/(2 + 40/p). Let q = 14 + i. Calculate the remainder when 6 is divided by q.
0
Let r(l) = 3*l**2 - l - 8. Let u be r(-2). Suppose -2*d + u + 22 = 0. Calculate the remainder when 40 is divided by d.
12
Suppose -2*z = 3*v + 2*z - 22, -8 = -2*v - z. What is the remainder when 3 - (-22)/8*(-8)/(-1) is divided by 102/8 + v/8?
12
Suppose 5*s + 9 + 9 = m, 0 = 5*m - 3*s - 24. Suppose -m*n + 2*r + 40 = 4*r, 3*n - 26 = 5*r. What is the remainder when 2*236/(-24)*-3 is divided by n?
11
Suppose 4*v - 122 = -5*z + 2*v, 4*z - 3*v - 116 = 0. What is the remainder when 99 is divided by z?
21
Let b = -4 - -7. Suppose 0*h = -h + 5*u + 9, -4*h - u = -15. What is the remainder when (1376/44)/h + 2/11 is divided by b?
2
Let s be 0 - (5 - 1) - -27. Let f = s + -3. Calculate the remainder when f is divided by 11.
9
Suppose -2*j - 3*a = -12 - 7, -3*j + a = -34. Calculate the remainder when 32 is divided by j.
10
What is the remainder when 112 is divided by (-5)/(50/36)*(-130)/39?
4
Let y be -2*(1 + 0) + 2. Suppose n = 4*t - y*n - 99, 0 = 3*t - 2*n - 78. Let d = 11 + t. Calculate the remainder when d is divided by 19.
16
Suppose 5*k + 27 + 10 = 3*a, -a + 3*k + 19 = 0. Let q be (a/6)/(6/18). Suppose 45 - 3 = q*m. Calculate the remainder when 62 is divided by m.
20
Calculate the remainder when 319 is divided by (56/(-6) + 9)*-48.
15
Suppose 0*r = 6*r - 450. Let u = r - 40. Calculate the remainder when u is divided by 13.
9
Let c = 67 - 63. Suppose c*z - 3*l - 17 = 0, 2*z - 11 = l - 2*l. What is the remainder when 11 is divided by z?
1
Let q(z) = 11*z**3 + 1. Let c be q(1). Let v be c/(-18) + 34/6. What is the remainder when v + 40 - (1 + 0) is divided by 15?
14
Suppose -122*z + 837 = -113*z. Calculate the remainder when z is divided by (-2 + (-8)/(-5))*-80.
29
Suppose -36*m + 38*m - 142 = 0. Let o = -73 - -37. Let y = o + m. Calculate the remainder when y is divided by 9.
8
Suppose -c + 44 = -0*c. Let z = -63 - -180. Suppose -q + 25 = 5*l - 4*l, q = -5*l + z. Calculate the remainder when c is divided by l.
21
Let d(o) = 32*o - 1. Let t(n) = -n**2 - 4*n - 3. Let f be t(-2). Calculate the remainder when d(2) is divided by (10/(-20))/(f/(-32)).
15
Let s(f) = -7*f**2 + 135*f - 21. What is the remainder when 158 is divided by s(19)?
5
Let h be 0 - 1 - (-4 + 1). Suppose -4*c - 5*j - 6 = -49, h*c = -3*j + 21. What is the remainder when 34 is divided by c?
10
Suppose 0 = 58*k - 56*k - 4, -r - 5*k + 56 = 0. Calcul